q - 5. Give z(k).
5
Let a(d) be the third derivative of -d**4/24 - 2*d**3/3 - d**2 - 17*d + 41. Let h = 11 + -18. What is a(h)?
3
Let p(v) = -3*v**3 + v - 10. Let m(n) = 2*n**3 - 2*n**2 - n + 8. Let b(z) = 5*m(z) + 4*p(z). Give b(-4).
-28
Let w(j) = 5*j**3 - 26*j**2 + 30*j - 36. Let d(o) = 11*o**3 - 50*o**2 + 59*o - 72. Let f(l) = 4*d(l) - 9*w(l). Give f(33).
3
Let d be 9*((-189)/315 + (-1)/15) + -5. Let q(n) = 6*n + 36. What is q(d)?
-30
Let p(b) = -545*b - 1634. Let m be p(-3). Let u(j) = -15*j + 0*j + 0*j. Give u(m).
-15
Let f(v) = 15*v - 14. Let j(u) = -88*u + 191*u - 96*u - 7. Let y(o) = -6*f(o) + 13*j(o). Determine y(11).
4
Suppose -86 = -5*p + 4*f - 1, 0 = 5*p + f - 85. Suppose 3*l - 7 = -4, 5*u - 3*l - p = 0. Let o(m) = 2*m + 3. Give o(u).
11
Let c(z) = -5*z - 34. Suppose -6*q - 39 = -q - u, 2*q = -2*u - 6. What is c(q)?
1
Let q(c) = 21574*c**3 - 21575*c**3 - 40 + 2*c**2 - c + 50. Give q(0).
10
Let y(c) = -9*c**3 + 17*c**2 + 29*c + 7. Let s(n) = 4*n**3 - 9*n**2 - 14*n - 4. Let i(m) = -7*s(m) - 3*y(m). Give i(13).
-19
Let l(y) = -y**3 - 5*y**2 + 2*y - 12. Let c be l(-6). Suppose c*n - 14*n - 6 = 0. Let i(d) = -1 + d**3 - 2*d - d**2 + 2*d**2 + 4*d**2 - 2*d**2. Give i(n).
5
Let g(f) = -f**3 + 4*f + 4. Let w(l) be the first derivative of -l**4/4 - 34*l**3/3 + 71*l**2/2 - 39*l + 206. Let c be w(-36). What is g(c)?
19
Let q = -7041 - -7039. Let w(i) = 3*i**3 - 3*i + 3. Determine w(q).
-15
Let t = 7777 + -7816. Let q(o) = o**2 + 49*o + 382. Calculate q(t).
-8
Let u(p) be the third derivative of -p**8/20160 - p**7/420 + p**6/40 + p**5/60 + 21*p**4/8 - 42*p**2. Let z(c) be the third derivative of u(c). Give z(-13).
5
Let w(o) = -77*o - 15*o**2 + 12 - 81*o - 77*o + 2*o**3 + 325*o - 85*o. Calculate w(7).
-2
Let q(j) = 19*j + 1356. Let s(y) = 2*y + 271. Let b(z) = q(z) - 5*s(z). Let k(t) = -t + 1. Let o = 3 + -1. Let a be k(o). What is b(a)?
-8
Let q(n) = 2*n + 6. Suppose 12*l = -4044 - 144. Let r = 353 + l. What is q(r)?
14
Let b(z) = 6221*z**3 - 3106*z**3 + 9*z - 3116*z**3 - 4*z**2 + 8*z + 11. Determine b(-6).
-19
Let a be -8 - ((-10)/(-20))/(2/(-40)). Let v(n) be the second derivative of 0 - 11/2*n**a - 1/6*n**3 - 2*n. What is v(-6)?
-5
Let b(g) = -g**2 + 4*g + 367. Let r be b(22). Let k(w) = -w**3 - 28*w**2 + 27*w - 60. Determine k(r).
-2
Let u(n) be the third derivative of n**6/240 - n**5/20 + 7*n**4/3 + n**2 - 9. Let g(a) be the second derivative of u(a). Determine g(5).
9
Let n(c) = 6*c - 4*c + 4*c**2 + 72 + 72 - c**3 + 111 - 261. Suppose 4*x - 13 = -3*g, -2*x - 2*g + 9 = -3*g. What is n(x)?
2
Let q = 0 - -2. Suppose 3*r + 9 = 4*o, -3*r + 9*o + 15 = 13*o. Let c(v) = 15 - 3 - 12 - 3*v**2 + v + r. Calculate c(q).
-9
Let c(n) = -3 + 10 + 8*n + n**2 + 0*n**2. Let b = 17 - 12. Suppose -3*w - 7 - 6 = 4*t, -2*w - 4 = b*t. Calculate c(w).
0
Let j(t) be the second derivative of t**5/60 - t**4/12 - t**3/3 + 15*t**2/2 - 23*t. Let i(b) be the first derivative of j(b). What is i(4)?
6
Let z(w) be the second derivative of -w**6/360 - w**5/15 + w**4/12 + 83*w**3/2 + 4*w + 1. Let j(x) be the second derivative of z(x). Determine j(-9).
-7
Let o(w) be the third derivative of 1/6*w**4 - 129*w**2 + 0*w + 1/3*w**3 + 0 + 1/60*w**5. Determine o(-5).
7
Let d(s) = -13*s + 4. Suppose -1029 = -17*o - 14629. Let w = o - -801. What is d(w)?
-9
Let h be (-27 - -21) + 2*((-24)/(-4) - 2). Let t(m) be the second derivative of 0 - 1/6*m**4 + 37*m - 1/2*m**3 - 1/2*m**h. Determine t(-4).
-21
Let p(r) = -r**3 - 3*r**2 + 5*r. Suppose -21*d + 23*d = 1066. Let z = d - 359. Let g be z/(-34) + (-4)/(-34). Determine p(g).
25
Let y(u) = -18*u**2 + 2*u - 1. Let t = -115 - -117. Suppose -20*p + 18*p = -t. Give y(p).
-17
Let a(p) be the third derivative of p**6/120 - 17*p**5/60 - p**4/6 + 7*p**3/6 + 1019*p**2. Determine a(17).
-61
Suppose -116*v - 231 = -95*v. Let c(r) = r**2 + 8*r - 36. What is c(v)?
-3
Let u(o) = -23*o**3 - 19*o**2 + 10*o - 252. Let b(p) = -6*p**3 + p**2 - 6*p + 1. Let a(t) = 4*b(t) - u(t). Calculate a(22).
-8
Let z = 4723 + -4720. Let j(k) be the first derivative of -3*k + 1/4*k**4 - 4/3*k**z + k**2 + 10. Calculate j(4).
5
Let h(f) = f + 1. Let x(m) = -7*m + 21. Let k = -219 + 223. Let z be x(k). Determine h(z).
-6
Suppose 0 = 2*h - 3*q - 704, -h - 2*h + 2*q + 1066 = 0. Let i(v) = 3 - 358*v - h*v + 717*v. Calculate i(0).
3
Let h(s) be the third derivative of -17/6*s**3 + 1/24*s**4 - 22*s**2 + 0 + 0*s. Calculate h(8).
-9
Let k(f) = -f**3 + 9. Let v(n) = n**2 + 3*n - 2. Let l be v(1). Suppose l*i - 10 = p, 5*p + 2*i = 10*p + 10. Calculate k(p).
9
Let t(n) = 51*n**2 - 2*n. Suppose -11 = 4*b - 5*z, -26*b = -27*b + 5*z - 14. Calculate t(b).
49
Suppose 0 = -4*y - 4*v + 8*v - 12, -y + 3*v - 5 = 0. Let u(l) = -10*l**2 + 3*l + 2. Give u(y).
-44
Suppose 13*c - 9*c = 0. Suppose -21 = 3*j + 2*m + 3, c = 5*j - 2*m + 24. Let y(i) = -i**2 - 7*i - 1. Calculate y(j).
5
Let g(l) = l**3 + 5*l**2 - 7. Let m be g(-3). Let p(t) = 11*t**3 + 14 + 3*t - 12*t**3 + t - 5*t + m*t**2. What is p(11)?
3
Let w(q) be the third derivative of q**5/120 + q**4/4 + 139*q**3/6 + 2*q**2 + 10*q. Let o(s) be the first derivative of w(s). Calculate o(-4).
2
Let x(u) = -287*u + 206. Let t be x(4). Let g be ((-5)/2 + 1)/((-157)/t). Let v(n) = -2*n - 17. What is v(g)?
1
Let q be 8*1/4 - 0. Let g(r) = 0*r**3 - 7*r**2 + r**3 - 18*r + 3 + r**q + 14*r. Let j(n) = 2*n**2 + 5*n + 3. Let x be j(-3). Calculate g(x).
-21
Let h(x) = -x**2 + 8*x + 10. Suppose 2*s - 5*n = -183, -7*n + 3*n = s + 124. Let c be s/(-10) + 6*4/(-60). What is h(c)?
-10
Let s(y) = 8*y + 119. Let k = -7076 + 7061. Determine s(k).
-1
Let t(v) = -5*v - 74. Let g be t(-16). Suppose 4*o + 4*p - 14 = 10, o - 6 = p. Let q(r) = -r**3 - 3*r - 4 - 4*r + 0*r + 5*r + o*r**2. Calculate q(g).
-16
Let u(f) = f**3 + 50*f**2 + 7. Suppose -144*d - 161*d - 12500 = -55*d. What is u(d)?
7
Let w(m) = -2*m - 11. Let a(u) = u**2 - 16*u + 29. Let r(g) = a(g) - w(g). Determine r(15).
55
Let p(d) be the second derivative of -d**5/12 + d**4/12 - 5*d**3/3 + d**2 + 34*d. Let u(l) be the second derivative of p(l). Determine u(3).
-28
Suppose 12*p - 13*p + 78 = 0. Let n = p + -58. Let f(b) = 1 + n*b + 14*b - 27*b. Determine f(2).
15
Let b(l) be the third derivative of 11*l**6/120 + l**5/60 - l**4/12 + 242*l**2. Give b(-1).
-8
Let h(t) = 3*t - 25. Suppose -2*u = -7*u - q + 58, -6 = -u - 3*q. Calculate h(u).
11
Suppose 338 = -5*m + w, -10*m - 2*w = -6*m + 262. Let g = m + 69. Let u(k) = k**2 + 3. What is u(g)?
7
Let o = 5671 + -5669. Let j(z) = 7*z**3 + 2*z**2 - 4*z + 3. Give j(o).
59
Let f(j) be the first derivative of 5*j**4/4 + 10*j**3/3 + 27*j**2/2 - 7*j + 13. Let s(i) = -2*i**3 - 5*i**2 - 13*i + 4. Let x(n) = -3*f(n) - 7*s(n). Give x(6).
17
Let v(k) = 20*k**3 - 20*k**2 - 17*k - 1. Let w(z) = 7*z**3 - 7*z**2 - 6*z. Let g(u) = -6*v(u) + 17*w(u). Let a be 2/(-4)*(0 + -2 + 2). Give g(a).
6
Suppose 0 = w - 4*s - 25, 5*w - 12*s + 14*s - 59 = 0. Let v(m) = -m + 7. Calculate v(w).
-6
Let b = -4377 - -4365. Let l(h) = -4*h - 49. Calculate l(b).
-1
Let u(c) be the first derivative of c**3/3 + 11*c**2/2 + 10*c + 2. Let a = 54334 + -54341. Calculate u(a).
-18
Let c(a) = -5*a**2 - 17*a - 17. Let h(y) be the first derivative of 6*y + 3*y**2 + 20 + 2/3*y**3. Let l(d) = -4*c(d) - 11*h(d). What is l(2)?
-2
Let j(p) = -p**3 - 11*p**2 - 3*p + 37. Let d be j(-10). Let s = -29 - d. Suppose 0 = 3*n, 8*a = s*a - 2*n - 8. Let v(b) = -b**3 - 4*b**2 - 4*b - 2. Give v(a).
-2
Let k(x) be the second derivative of 3*x - 1/20*x**5 + 0*x**2 - 3 + 1/6*x**4 + 1/2*x**3. What is k(4)?
-20
Let i = 1400 - 1394. Let n(d) = 2*d + 16. Determine n(i).
28
Let v(x) = -x**2 + 8*x + 9. Let q = -152 - -167. Suppose d = 1 + 1, -f - 3*d + q = 0. What is v(f)?
0
Let a(r) be the first derivative of 10*r**2 - r + 9624. Let s(v) = -v**3 + 7*v**2 - 6*v - 1. Let z be s(6). Give a(z).
-21
Let y(t) = -t**2 + 4*t - 8. Suppose -2*q = 17 - 27. Suppose q*r + 10 = 10*r. Let g be (-16 + 7)*1*r/(-3). What is y(g)?
-20
Let p(o) = -3*o**3 - 19*o**2 + 10. Let f(h) = h**3 + 6*h**2 - 3. Let a(k) = -2*k**2 - 11*k + 2. Let y be a(0). Let s(l) = y*p(l) + 7*f(l). Determine s(-4).
-1
Let g(y) = 7*y + 56. Let a be g(-8). Let j(l) be the second derivative of -l**4/12 + l**3/6 + 5*l**2/2 + 290*l. Give j(a).
5
Let k(p) be the third derivative of -